Let i(k) = -k. Let x(s) = -h(s) - 10*i(s). Let j be x(2). Calculate the highest common divisor of 60 and j.
20
Let m(c) = -31*c - 2235. Let h be m(-104). Calculate the greatest common divisor of 86 and h.
43
Let t(p) = -16*p + 2. Let z = -10 - -2. Let l be t(z). Suppose 4*b - 9*b - 32 = -2*q, -3*q = -2*b - 70. Calculate the highest common factor of l and q.
26
Suppose 23 - 15 = 4*i. Let a be (149/i - -2)*2. Suppose 31 = -13*r + 252. What is the greatest common factor of r and a?
17
Let m = 3 - -6. Let v be ((-336)/(-140))/((-6)/(-20)). Let q(h) = 19*h - 146. Let z be q(v). What is the highest common divisor of z and m?
3
Suppose 15*y - 156 - 99 = -0*y. What is the greatest common factor of 16949 and y?
17
Suppose -4405*b + 4394*b = -62535. What is the greatest common divisor of 15 and b?
15
Let m(x) = x**2 + 9*x - 5. Let f be m(9). Suppose -f = 7*h + 298. Let t = h + 155. Calculate the highest common factor of 20 and t.
10
Let n be 12 + (-16 + 5341 - 10). Calculate the highest common divisor of 21 and n.
7
Let h(w) = -15*w - 18. Let r be ((-2)/(-6))/(-1 + (-15)/(-18)). Let n be h(r). What is the greatest common factor of 52 and n?
4
Suppose -9*g = 23 - 347. Suppose 4 + g = 5*h. Suppose 0 = h*m - 9*m + 11. Calculate the highest common divisor of 99 and m.
11
Let u(h) = 8*h - 86. Let d be u(11). Suppose -12*i + 10*i = d*m - 288, 0 = 5*m. Calculate the highest common factor of 54 and i.
18
Let k = -73 - -82. Let b(x) = 99*x**2 + 2*x + 2. Suppose -3*f - 5 = 2*f. Let t be b(f). What is the greatest common factor of k and t?
9
Let y(m) = 2*m**2 + 4*m - 7. Let a be 11/(-55) + 55/25. Let v be y(a). What is the highest common factor of 225 and v?
9
Let g(h) = -2*h - 3. Let w = 81 + -86. Let z be g(w). What is the highest common factor of 21 and z?
7
Let t(n) = -7*n + 10. Let f be t(-21). Suppose 6*y - 487 = -f. Suppose 5*v + 3*u - 211 = 0, -2*v + 28 = 5*u - 45. What is the greatest common factor of y and v?
11
Suppose -7*k + z = -8*k + 6, 0 = -5*k + z + 36. Suppose j + k - 37 = 0. Calculate the highest common factor of j and 90.
30
Suppose 93 = -3*f + 2*x + 413, 0 = -3*f - 5*x + 334. Suppose -4*m + 3*m = 4*h - 46, -f = -4*m + 3*h. What is the highest common factor of 390 and m?
30
Suppose 3*p - 78*p + 41796 + 58629 = 0. Calculate the highest common factor of 412 and p.
103
Let g(n) = 2*n + 26. Suppose 0 = -14*m - 11 - 59. Let z be g(m). Calculate the greatest common factor of 24 and z.
8
Let h be ((-356)/(-112) + 2/8)/(16/616). Calculate the highest common factor of 114 and h.
6
Let u(l) = 44*l - 232. Let d be u(20). Calculate the highest common divisor of d and 3.
3
Let w(t) = t**3 - 11*t**2 - 236*t - 26. Let l be w(-10). Calculate the highest common divisor of l and 676.
26
Suppose 0 = 2*j - j + 86. Let x(n) = -2*n**2 + 5*n - 1. Let k be x(-10). Let s = j - k. Calculate the greatest common divisor of 15 and s.
15
Suppose 3*b + f = -f + 83, f + 2 = 0. Suppose -20*v + 190 = 28 + 2. Let x = b - v. Calculate the highest common divisor of 49 and x.
7
Let q be (-6)/15 + (-4644)/(-10). Suppose -8276 = 60*r - 10196. What is the highest common divisor of q and r?
16
Let j be (-3 + 1)/((-2 - -3)/(-1)). Suppose 163 = -j*l + 435. Suppose 4*k - l = -x, k + x - 34 = -3*x. Calculate the greatest common divisor of 17 and k.
17
Suppose 5*c = -3501 + 3691. Calculate the greatest common factor of c and 14763.
19
Let o be (-1)/5 + 12/(600/10). Suppose 3*b - 19 - 35 = o. Calculate the highest common divisor of 12 and b.
6
Let y(q) = -11*q + 5. Let r be y(-5). Let v = -2870 - -2882. What is the greatest common factor of v and r?
12
Suppose 55*i - 56*i = 4*v - 80, 4*v - 144 = -2*i. Calculate the highest common factor of 32 and i.
32
Let l(f) = -9*f**2 + f + 8. Let a be l(4). Let h = a - -231. What is the greatest common factor of 27 and h?
9
Let m(a) = -a**3 + 7*a**2 - 6*a. Let u be m(6). Let z be u - ((1 - 10) + 1). Suppose -z*r = -10*r + 180. What is the greatest common divisor of 15 and r?
15
Let z(x) = 25*x - 9. Let s be z(-8). Let c = s + 215. What is the greatest common divisor of c and 3?
3
Let q(z) = z**3 - 2*z**2 - 104*z - 1. Let f be q(-9). Calculate the greatest common divisor of 1111 and f.
11
Suppose -193*g + 539860 = -1465024. Calculate the highest common divisor of g and 196.
196
Let a(i) = -2*i + 5. Let n be a(2). Let q be (21 + n)*2/2. Calculate the greatest common factor of q and 154.
22
Let c be (24/14)/(25/175). Let s be c - -6 - 1*2. Suppose -4*b - 2*v = -72, 5*b - v = -5*v + 96. Calculate the greatest common divisor of s and b.
16
Let k be (-2 + 4)/(10 + -12). Let i(t) = 124*t**2 + 3*t + 4. Let q be i(k). Calculate the greatest common factor of q and 5.
5
Let m be ((-16)/(-40))/2 - 2/10. Suppose m = 6*o - 6 - 6. Suppose a = -o + 10. Calculate the highest common factor of 2 and a.
2
Suppose 2*u + 5*x - 106 = -40, -5*x = -3*u + 174. What is the highest common divisor of 378 and u?
6
Let v be -3*((-1003)/(-204) - (-2)/(-8)). Suppose 0 = 7*h - 2*h - 160. Let x = h + v. Calculate the greatest common divisor of x and 12.
6
Let g be 1134243/(-418)*4/(-6). What is the greatest common factor of 243 and g?
27
Suppose -51*a + 319181 = 37*a + 19*a. Calculate the highest common divisor of a and 38.
19
Let o(t) = t + 59. Let h be o(11). Suppose 0 = h*a - 73*a + 30. Calculate the highest common divisor of 160 and a.
10
Let q(m) = 4*m + 7. Let o be q(0). Suppose -2*j - o*j = -1440. Calculate the highest common factor of j and 120.
40
Let n = 553 + -308. Let g = 289 - n. What is the highest common factor of g and 8?
4
Let d = -268 + 46. Let w = d + 268. Suppose 0 = -5*a - 16 + 131. Calculate the greatest common divisor of w and a.
23
Let z(o) = -2*o**2 - 7*o + 3. Let m be z(-3). Suppose 135 = 61*l - 48. What is the highest common factor of l and m?
3
Suppose -810*h + 20808 = -742*h. What is the highest common divisor of 867 and h?
51
Let v = 8809 + -5125. Calculate the greatest common divisor of 72 and v.
12
Let t be 4/(-18) + 717/(-27)*-4. Suppose 0 = -7*w + 146 + t. What is the highest common factor of w and 18?
18
Let h be ((-1)/(-1) + 21)*(-24)/16. Let r be (-3 - 3)*h/2. What is the highest common divisor of r and 11?
11
Let p(t) = -1517*t + 6244. Let q be p(4). Suppose -34 = a - 4*a + i, 5*a - 5*i - 60 = 0. Calculate the greatest common factor of q and a.
11
Suppose 5*w - 96 = -2*u, -13 = -2*w - u + 26. Suppose 3*t = -5*c + 53, c + c - w = 2*t. What is the greatest common factor of c and 25?
5
Let f(g) = -g**2 + 10*g + 14. Let s be f(11). Suppose -s*y + 26 = 23. Calculate the greatest common factor of y and 10.
1
Let w(q) be the first derivative of -1/4*q**4 - 6*q**3 - 24 - 13*q - 33/2*q**2. Let b be w(-16). Calculate the highest common factor of 3 and b.
3
Let o = -19 + 4. Let d be (-910)/o + 2/(-3). Suppose -h = 4*r - 3*r - 8, 52 = 5*r + 2*h. Calculate the highest common factor of d and r.
12
Suppose -1 = 2*p - y, 3*p - 5*y + 9 = -10. Suppose a - x = -4*x - 73, 0 = x + p. Let w = a - -155. Calculate the greatest common factor of w and 8.
8
Suppose 324 = 3220*a - 3218*a. What is the highest common factor of a and 81?
81
Let x(z) = 134*z + 26. Let b be x(2). What is the greatest common factor of b and 18?
6
Let r be (-68)/(-10) - -2*4/40. Suppose 0 = -x + r + 11. Calculate the highest common divisor of 180 and x.
18
Let h be (0 - 4/10)*(-36 - -26). Suppose 0 = 3*f + 2*y - 7*y - 37, -h*f - 2*y + 84 = 0. Calculate the greatest common divisor of 361 and f.
19
Suppose 0 = 5*n - 5*k - 215, -4*n + 31 = 2*k - 129. Calculate the greatest common factor of n and 3321.
41
Let n(r) be the first derivative of 12 + 3/2*r**2 + 4*r + 10/3*r**3. Let c be n(-1). Calculate the highest common divisor of c and 110.
11
Suppose -5*f + 7 = -13. Let z be f - -4*(-4 - -5). Suppose -5*x + 3 = -4*x, -4*k - 2*x + 30 = 0. Calculate the greatest common factor of z and k.
2
Let b(k) = 2*k**2 - 11*k + 6. Let c be b(5). Let n be 160/10*2/(-4) + c. Let v be ((-11)/3)/(n/504). Calculate the greatest common factor of 24 and v.
24
Let v = -5242 + 5478. Calculate the highest common factor of 10 and v.
2
Let d = -19121 - -19137. What is the greatest common divisor of 4856 and d?
8
Let g = 10155 - 4975. Suppose 4*k - w - 4144 = -3*w, 5*k = -2*w + g. Calculate the greatest common divisor of 28 and k